{"id":134,"date":"2015-07-15T12:01:46","date_gmt":"2015-07-15T12:01:46","guid":{"rendered":"http:\/\/adventure-tours.themedelight.com\/?post_type=product&#038;p=134"},"modified":"2025-06-09T11:41:42","modified_gmt":"2025-06-09T14:41:42","slug":"baia-dos-golfinhos","status":"publish","type":"product","link":"https:\/\/ilhadomeltur.aprendizes.org\/index.php\/produto\/baia-dos-golfinhos\/","title":{"rendered":"Passeio Baia dos Golfinhos"},"content":{"rendered":"<p><iframe title=\"Ilha do Mel Tur - Passeios N\u00e1uticos\" width=\"748\" height=\"421\" src=\"https:\/\/www.youtube.com\/embed\/maUy2ZQp9bw?feature=oembed\" frameborder=\"0\" allow=\"accelerometer; autoplay; clipboard-write; encrypted-media; gyroscope; picture-in-picture; web-share\" allowfullscreen><\/iframe><\/p>\n<p><strong>Sobre a atividade<br \/>\nDescubra a Magia da Ilha do Mel com a Ilha do Mel Tur<\/strong><\/p>\n<p>Bem-vindo(a) a uma jornada inesquec\u00edvel! Na Ilha do Mel Tur, estamos dedicados a proporcionar a voc\u00ea uma experi\u00eancia \u00fanica e memor\u00e1vel na deslumbrante Ilha do Mel e Ilha das Pe\u00e7as, no cora\u00e7\u00e3o do Paran\u00e1.<\/p>\n<p><strong>Nossos Passeios de Lanchas: Uma Aventura Inigual\u00e1vel<\/strong><\/p>\n<p>Embarque conosco e explore as maravilhas naturais e culturais desta ilha paradis\u00edaca. Nossos passeios de lancha s\u00e3o conduzidos por experientes marinheiros e ocorrem em embarca\u00e7\u00f5es seguras e confort\u00e1veis.<\/p>\n<ul>\n<li>Maravilhe-se com a beleza da Praia de Encantadas, onde a natureza se encontra com a tranquilidade.<\/li>\n<li>Observe a graciosidade dos golfinhos na Ba\u00eda dos Golfinhos e conecte-se com a vida marinha.<\/li>\n<li>Viaje no tempo ao avistar o Farol das Conchas, uma constru\u00e7\u00e3o fascinante do s\u00e9culo XIX.<\/li>\n<li>Explore a hist\u00f3ria na Fortaleza de Nossa Senhora dos Prazeres, um s\u00edmbolo da rica heran\u00e7a da ilha.\u00a0<strong>( Primeira parada de 40min )<\/strong><\/li>\n<li>Adicione uma dose de aventura \u00e0 sua viagem com uma parada na Ilha das Pe\u00e7as, conhecida por sua comunidade cai\u00e7ara e cen\u00e1rios fotog\u00eanicos.\u00a0<strong>( Segunda parada para Almo\u00e7o, N\u00c3O INCLUSO)<\/strong><\/li>\n<\/ul>\n<p>Venha se deliciar nas \u00e1guas serenas da Ponta Oeste e descubra a aut\u00eantica culin\u00e1ria local, onde ostras frescas s\u00e3o colhidas diretamente dos viveiros no mar.\u00a0<strong>( Terceira parada )<\/strong><\/p>\n<p><strong>Op\u00e7\u00f5es Flex\u00edveis para Todos os Viajantes<\/strong><\/p>\n<p>Nossa flexibilidade \u00e9 a chave para atender a todos os tipos de viajantes. Seja voc\u00ea um aventureiro solit\u00e1rio, um casal rom\u00e2ntico ou um grupo animado, temos op\u00e7\u00f5es que se adequam \u00e0s suas necessidades. Al\u00e9m disso, organizamos passeios privados para grupos fechados.<\/p>\n<p><strong>Conforto e Hospitalidade<\/strong><\/p>\n<p>Durante nossos passeios de barco, sua comodidade \u00e9 nossa prioridade. Oferecemos \u00e1gua gelada e frutas frescas para manter voc\u00ea energizado e hidratado ao longo da jornada.<\/p>\n<p><strong>Reserve Sua Aventura Hoje<\/strong><\/p>\n<p>A baia dos Golfinhos espera por voc\u00ea, e a Ilha do Mel Tur est\u00e1 pronta para tornar sua viagem inesquec\u00edvel. Entre em contato conosco hoje mesmo para reservar seu passeio e embarcar em uma jornada de descobertas na Ilha do Mel.<\/p>\n<p><strong>Seja bem-vindo \u00e0 Ilha do Mel Tur &#8211; O Seu Portal para Aventuras Inesquec\u00edveis na Ilha do Mel.<\/strong><\/p>\n<p><!--more--><\/p>\n<table class=\"table table-bordered tours-tabs__table\" style=\"height: 233px;\" width=\"862\">\n<tbody>\n<tr>\n<td><strong>LOCAL DE PARTIDA\/RETORNO<\/strong><\/td>\n<td>Union Square, San Francisco<\/td>\n<\/tr>\n<tr>\n<td><strong>DURA\u00c7\u00c3O<\/strong><\/td>\n<td>4 Horas<\/td>\n<\/tr>\n<tr>\n<td><\/td>\n<td><\/td>\n<\/tr>\n<tr>\n<td><strong>VESTIR<\/strong><\/td>\n<td>Comfortable athletic clothing, hiking boots, hat, jacket and sunscreen.<\/td>\n<\/tr>\n<tr>\n<td><strong>INCLUSO<\/strong><\/td>\n<td>\n<table class=\"table table-bordered\" style=\"height: 62px;\" width=\"300\">\n<tbody>\n<tr>\n<td><i class=\"fa fa-check icon-tick icon-tick--on\"><\/i>Guia de Turismo Local<\/td>\n<td><i class=\"fa fa-check icon-tick icon-tick--on\"><\/i>\u00c1gua gelada<\/td>\n<\/tr>\n<tr>\n<td><i class=\"fa fa-check icon-tick icon-tick--on\"><\/i>Lanchas r\u00e1pidas<\/td>\n<td><i class=\"fa fa-check icon-tick icon-tick--on\"><\/i>Conforto e Seguran\u00e7a<\/td>\n<\/tr>\n<\/tbody>\n<\/table>\n<\/td>\n<\/tr>\n<tr>\n<td><b>N\u00c3O INCLU\u00cdDO<\/b><\/td>\n<td>\n<table class=\"table table-bordered\" style=\"height: 32px;\" width=\"304\">\n<tbody>\n<tr>\n<td><i class=\"fa fa-times icon-tick icon-tick--off\"><\/i>Comida<\/td>\n<\/tr>\n<tr>\n<td><\/td>\n<\/tr>\n<\/tbody>\n<\/table>\n<\/td>\n<\/tr>\n<\/tbody>\n<\/table>\n<p>Fusce. Convallis morbi cubilia adipiscing. Sed aenean. Ac auctor, convallis parturient commodo parturient cum id eros curae; convallis. Hymenaeos non augue fusce habitasse consequat vitae libero nullam ac porttitor vulputate pulvinar sociis nullam. Netus porta primis. Volutpat conubia libero sociis quis. Sociosqu eros mattis.<\/p>\n","protected":false},"excerpt":{"rendered":"<p>Descubra a magia da Ilha do Mel conosco. Nossos passeios de lancha oferecem n\u00e3o apenas uma aventura emocionante, mas tamb\u00e9m a oportunidade de explorar a rica hist\u00f3ria e a beleza natural desta ilha paradis\u00edaca. Reserve sua aventura hoje e deixe a Ilha do Mel Tur gui\u00e1-lo por uma jornada inesquec\u00edvel.<\/p>\n","protected":false},"featured_media":1268,"comment_status":"open","ping_status":"closed","template":"","meta":[],"product_cat":[62],"product_tag":[],"_links":{"self":[{"href":"https:\/\/ilhadomeltur.aprendizes.org\/index.php\/wp-json\/wp\/v2\/product\/134"}],"collection":[{"href":"https:\/\/ilhadomeltur.aprendizes.org\/index.php\/wp-json\/wp\/v2\/product"}],"about":[{"href":"https:\/\/ilhadomeltur.aprendizes.org\/index.php\/wp-json\/wp\/v2\/types\/product"}],"replies":[{"embeddable":true,"href":"https:\/\/ilhadomeltur.aprendizes.org\/index.php\/wp-json\/wp\/v2\/comments?post=134"}],"wp:featuredmedia":[{"embeddable":true,"href":"https:\/\/ilhadomeltur.aprendizes.org\/index.php\/wp-json\/wp\/v2\/media\/1268"}],"wp:attachment":[{"href":"https:\/\/ilhadomeltur.aprendizes.org\/index.php\/wp-json\/wp\/v2\/media?parent=134"}],"wp:term":[{"taxonomy":"product_cat","embeddable":true,"href":"https:\/\/ilhadomeltur.aprendizes.org\/index.php\/wp-json\/wp\/v2\/product_cat?post=134"},{"taxonomy":"product_tag","embeddable":true,"href":"https:\/\/ilhadomeltur.aprendizes.org\/index.php\/wp-json\/wp\/v2\/product_tag?post=134"}],"curies":[{"name":"wp","href":"https:\/\/api.w.org\/{rel}","templated":true}]}}